se 6?
12203
-437 (base 15) to base 10
-952
What is 56c (base 13) in base 10?
935
44223 (base 5) to base 9
4173
Convert -113 (base 13) to base 2.
-10111001
Convert -22135 (base 6) to base 2.
-110000001011
-10113 (base 4) to base 16
-117
-12013 (base 5) to base 11
-733
Convert -9b7b (base 13) to base 11.
-15369
What is 1010222 (base 3) in base 13?
4c4
Convert 129b (base 15) to base 16.
f83
Convert -4130 (base 6) to base 4.
-32112
Convert -27a50 (base 12) to base 8.
-153434
What is -436 (base 11) in base 10?
-523
1033 (base 8) to base 5
4124
5c3c (base 15) to base 14
7224
What is -5b53 (base 14) in base 3?
-210212201
What is 660 (base 11) in base 12?
560
Convert 10210 (base 3) to base 2.
1100110
What is -82 (base 12) in base 2?
-1100010
Convert -3837 (base 10) to base 9.
-5233
Convert -1313 (base 4) to base 16.
-77
-42220 (base 6) to base 12
-3370
Convert -643 (base 8) to base 2.
-110100011
What is 3da (base 15) in base 11?
730
Convert 120341 (base 5) to base 15.
14d1
What is -17d7 (base 14) in base 8?
-10321
Convert c14 (base 13) to base 14.
a61
What is -19b (base 12) in base 5?
-2023
What is -4103 (base 6) in base 11?
-751
673 (base 11) to base 9
1085
-11cd (base 16) to base 15
-153c
2725 (base 14) to base 4
1223231
-1001110111 (base 2) to base 13
-397
What is 1b55 (base 14) in base 3?
20211021
What is d5 (base 15) in base 11?
172
Convert -5005 (base 9) to base 12.
-2142
What is 210010102 (base 3) in base 12?
8ab5
Convert 3045 (base 8) to base 13.
940
Convert -278a (base 16) to base 9.
-14786
3212120 (base 4) to base 10
14744
What is -17aa (base 14) in base 9?
-5760
53 (base 16) to base 14
5d
What is 20122100 (base 3) in base 9?
6570
What is -5ba (base 12) in base 9?
-1157
Convert -7b6 (base 15) to base 13.
-a44
What is -7713 (base 11) in base 7?
-41450
What is 1000011111 (base 2) in base 6?
2303
What is 1011 (base 3) in base 14?
23
What is -761 (base 9) in base 14?
-326
Convert 110110010110 (base 2) to base 11.
2682
What is 505 (base 8) in base 7?
643
Convert 4728 (base 12) to base 5.
223302
314210 (base 7) to base 12
2750b
Convert 114203 (base 5) to base 9.
5811
Convert -10011011101001 (base 2) to base 11.
-7536
402152 (base 6) to base 8
75564
Convert -164471 (base 8) to base 14.
-17a89
-1112021 (base 3) to base 14
-598
Convert 6527 (base 9) to base 3.
20120221
Convert -85f (base 16) to base 10.
-2143
What is -12f (base 16) in base 11?
-256
What is 3041 (base 11) in base 13?
1ab8
Convert 121 (base 3) to base 6.
24
Convert 6146 (base 15) to base 14.
76b3
What is -85b (base 14) in base 6?
-11345
Convert -7033 (base 8) to base 14.
-145d
What is 1722 (base 13) in base 14?
1356
Convert -12125 (base 7) to base 10.
-3155
8086 (base 11) to base 3
112201212
Convert b35d (base 15) to base 11.
26514
-213 (base 14) to base 10
-409
Convert 2101021102 (base 3) to base 7.
253415
-30a (base 14) to base 3
-211011
What is -3696 (base 11) in base 15?
-1669
What is -1494 (base 15) in base 13?
-2017
-6a (base 14) to base 7
-163
Convert -1107 (base 13) to base 8.
-4505
What is -101000111 (base 2) in base 4?
-11013
-202100111 (base 3) to base 9
-22314
Convert -24321 (base 9) to base 16.
-3fac
What is 2314 (base 8) in base 16?
4cc
Convert -347c (base 13) to base 12.
-4322
2784 (base 12) to base 7
16210
What is 1604 (base 12) in base 6?
20004
-24507 (base 8) to base 2
-10100101000111
What is 297 (base 14) in base 15?
250
8c3 (base 16) to base 12
136b
What is -74043 (base 8) in base 9?
-46162
15940 (base 11) to base 10
22429
Convert -12210210 (base 4) to base 3.
-1100220220
Convert -3442 (base 5) to base 10.
-497
Convert 2111221 (base 3) to base 4.
130222
What is 4043 (base 6) in base 7?
2412
What is -3c78 (base 13) in base 2?
-10001000001110
214 (base 11) to base 5
2012
What is -8338 (base 9) in base 5?
-143420
4bb (base 12) to base 2
1011001111
What is 2134 (base 8) in base 12?
790
1773 (base 13) to base 9
4680
What is -453 (base 8) in base 14?
-175
Convert 1746 (base 13) to base 11.
2646
Convert 1111110011 (base 2) to base 7.
2643
What is 177a (base 14) in base 12?
2540
-620 (base 7) to base 16
-134
-22030 (base 5) to base 7
-4263
What is -120303 (base 5) in base 11?
-3389
What is 4603 (base 12) in base 13?
3705
What is -31002 (base 6) in base 4?
-1000022
Convert -2401 (base 7) to base 2.
-1101110011
Convert 1063 (base 10) to base 14.
55d
13463 (base 7) to base 8
7127
Convert -6bf (base 16) to base 8.
-3277
aa71 (base 14) to base 13
10572
3667 (base 9) to base 11
2066
323220 (base 4) to base 16
ee8
What is -11201 (base 3) in base 6?
-331
What is -31244 (base 6) in base 13?
-1bb5
Convert 44920 (base 11) to base 6.
1220531
121212 (base 4) to base 3
2020200
What is 503151 (base 6) in base 7?
223303
What is -14010 (base 7) in base 2?
-111011000100
Convert ba3 (base 12) to base 9.
2306
Convert 12101 (base 7) to base 12.
1995
What is -2314 (base 5) in base 10?
-334
-112031 (base 5) to base 2
-111110110000
What is 21223 (base 7) in base 11?
3a52
2121021 (base 3) to base 15
867
1000100101111 (base 2) to base 16
112f
Convert 214 (base 6) to base 13.
64
32087 (base 12) to base 2
10000000011100111
Convert -2949 (base 14) to base 15.
-227c
Convert -54013 (base 8) to base 7.
-122466
-247 (base 12) to base 9
-421
What is -6457 (base 9) in base 4?
-1022032
What is 4a8 (base 11) in base 10?
602
What is -106041 (base 7) in base 15?
-58e9
4c91 (base 14) to base 7
54141
What is -869 (base 10) in base 6?
-4005
-35010 (base 6) to base 7
-20334
What is 3102 (base 4) in base 12?
156
What is 4533 (base 9) in base 7?
12525
Convert -2325 (base 7) to base 4.
-31110
What is 4657 (base 8) in base 15?
b04
-2011 (base 9) to base 13
-88c
Convert 45a (base 14) to base 6.
4000
Convert 1d2 (base 14) to base 3.
112002
What is 5c7 (base 14) in base 4?
102003
10010100001000 (base 2) to base 15
2c20
-26556 (base 8) to base 10
-11630
Convert 5120 (base 7) to base 11.
1377
-1000110001000 (base 2) to base 12
-2720
Convert 431 (base 15) to base 12.
66a
-45620 (base 7) to base 4
-2311223
Convert -7e15 (base 15) to base 14.
-9a9d
1289 (base 13) to base 10
2648
What is -10402 (base 11) in base 5?
-441002
26986 (base 12) to base 4
30333312
Convert 2311 (base 8) to base 9.
1611
Convert -152 (base 11) to base 7.
-343
What is -22543 (base 7) in base 15?
-1a94
Convert 110110011010011 (base 2) to base 15.
83c4
Convert 3595 (base 16) to base 9.
20731
What is 12616 (base 7) in base 6?
23414
What is 2a24 (base 13) in base 2?
1011111100010
What is -128046 (base 9) in base 11?
-53700
2212202201 (base 3) to base 10
56692
-11000001 (base 2) to base 14
-db
Convert 112431 (base 9) to base 3.
10102111001
-100110112 (base 3) to base 10
-6899
Convert 40420 (base 6) to base 12.
3110
Convert 301400 (base 6) to base 5.
1224223
What is 3011311 (base 4) in base 11?
9570
1030 (base 11) to base 3
1212112
Convert 697 (base 10) to base 12.
4a1
What is 1011120220 (base 3) in base 15?
6c53
Convert 210144 (base 5) to base 4.
1230030
What is -3333 (base 6) in base 16?
-309
3e49 (base 15) to base 5
411334
Convert 3137 (base 10) to base 3.
11022012
What is 28b (base 13) in base 8?
705
What is 25d (base 14) in base 15?
21a
Convert 1125 (base 6) to base 2.
100001101
-2143 (base 7) to base 10
-766
-1536 (base 7) to base 3
-211210
260651 (base 7) to base 10
48350
Convert 2474 (base 8) to base 2.
10100111100
What is -2012 (base 6) in base 7?
-1166
What is -2078 (base 12) in base 3?
-11212102
What is e2 (base 15) in base 7?
422
Convert -579 (base 10) to base 2.
-1001000011
-6323 (base 10) to base 2
-1100010110011
Convert -35b4 (base 12) to base 15.
-1bca
What is 26577 (base 8) in base 3?
120222101
What is -1100110111001 (base 2) in base 10?
-6585
110210120 (base 3) to base 15
2b70
What is -60a (base 11) in base 6?
-3224
-5545 (base 8) to base 16
-b65
What is -809 (base 14) in base 7?
-4412
What is -524 (base 7) in base 3?
-100202
What is 3735 (base 9) in base 4?
223202
-2114 (base 14) to base 16
-1646
What is 31031 (base 5) in base 13?
bc1
What is -566 (base 11) in base 12?
-485
1406 (base 8) to base 15
369
1551 (base 9) to base 13
6ca
Convert 121102012 (base 3) to base 11.
8a99
What is -53314 (base 7) in base 10?
-13192
Convert 110020020 (base 3) to base 9.
13206
22321313 (base 4) to base 15
d378
-5182 (base 10) to base 14
-1c62
Convert -73c4